-f**2 + 2*f + 4. What is o(g)?
-4
Let l(r) be the second derivative of r**4/12 + 2*r**3/3 + 3*r**2/2 - 9*r. Give l(-6).
15
Let v(k) be the first derivative of 8*k**3/3 + k**2/2 + k - 2. Suppose 3*y + w + 1 = -4*w, 2*y + 2 = -4*w. Suppose -3*q - y = -0. Give v(q).
8
Let y be -2*3/6 + 3. Suppose -y*z + 1 + 1 = n, z + n - 2 = 0. Let j(r) = -1 - 3*r + z*r + r**2 - 2*r. Calculate j(5).
-1
Let a(g) = 5 + 4 - 7*g - 6*g. Let o(m) = 4*m - 3. Let j(r) = 2*a(r) + 7*o(r). Suppose -f + 0*f + 5 = 0. Calculate j(f).
7
Suppose -5*n + 2*j - 2 = 0, 6*n - 4*n + 3*j = 3. Let p(l) = l - 2. Let z be p(5). Let w(b) = 2*b + z*b - 6*b. Determine w(n).
0
Let l(x) be the second derivative of -x**3/6 + 7*x**2 - 71*x. Give l(0).
14
Let o(b) = -b**2 + b. Suppose 0*l + 2 = 2*l. Let s be -5 + 6 + (1 - l). What is o(s)?
0
Let d(q) = 5*q**2 + q + 2. Let l(c) = -11*c**2 - 2*c - 5. Let j(h) = -9*d(h) - 4*l(h). Calculate j(-2).
0
Let s be 4/(-6) + (-8)/(-3). Let d(i) be the second derivative of i**5/60 - i**4/12 - 3*i**2/2 - 2*i. Let g(b) be the first derivative of d(b). Give g(s).
0
Suppose 0 = d + 5, 1 = -m - 2*d - 6. Let r(a) = -2*a**2 + 3. What is r(m)?
-15
Let x(l) = -l**3 - l**2 + l - 2. Suppose -2*q - 5*f - 12 = 0, 2*f = 5*q - 0*f - 28. Suppose w + 2 = -s, 3*s = -w + 5*s + q. Give x(w).
-2
Let i(v) = -v**2 - 7*v - 1. Let h be i(-7). Let g(f) be the third derivative of -f**5/12 - f**4/12 - f**3/6 + 6*f**2. Calculate g(h).
-4
Let g(x) be the first derivative of -x**6/60 + x**4/24 + 7*x**3/3 - 6. Let r(w) be the third derivative of g(w). Give r(-1).
-5
Suppose 18*p - 15 = 23*p. Let t(b) = 4*b + 1. What is t(p)?
-11
Let n(f) be the second derivative of 0 + 0*f**2 - 1/360*f**6 + 3*f + 1/4*f**4 + 1/3*f**3 + 1/120*f**5. Let y(t) be the second derivative of n(t). Give y(0).
6
Suppose 0*v - v + 1 = 0. Let f(x) = 3*x**3 + x**3 + 2*x**3 - x**2 - 4*x**3 - v. Determine f(2).
11
Let j(i) = -i + 11. Let d = 3 - 1. Let a(n) be the second derivative of -5*n**2/2 + 2*n. Let r(h) = d*j(h) + 5*a(h). Calculate r(-4).
5
Let h be (-4)/10 + 34/10. Let q(m) be the second derivative of 0 - 2*m + 1/3*m**3 - h*m**2. Give q(5).
4
Suppose 0 = -4*t - t + 5. Let z be t*(-7 + (1 - 0)). Let d(v) = 4*v**2 - 10*v - 2. Let f(k) = -5*k**2 + 11*k + 2. Let c(w) = z*d(w) - 5*f(w). Determine c(-3).
-4
Let i = -4 - -5. Let m(n) = 16*n**2 - n - 3. Let d(s) = -s**2 + 1. Let v(t) = -4*d(t) - m(t). Calculate v(i).
-12
Let n(d) = 9*d - 3*d**3 - d - 9*d. Calculate n(1).
-4
Let z(s) = 3*s + 1. Let r(j) = -4*j - 19. Let n be r(-6). Give z(n).
16
Let f(y) = -4*y**3 - 2*y**2 - 6. Let x(t) = -7*t**3 - 3*t**2 - 12. Let z(p) = -5*f(p) + 3*x(p). Let o be (-1 - -1)/(5/(-5)). Give z(o).
-6
Let h(t) = t + 11. Suppose -4*x + 0*q + 5*q - 9 = 0, -4*q + 32 = 3*x. Let p(i) = i. Let f be p(x). Let o be 2/f - (-66)/(-12). Give h(o).
6
Let o(x) = -x**3 + 3*x**2 - x + 4. Suppose 5*n - s - 49 = -14, s - 21 = -2*n. Suppose r + 13 = 3*v, 5*v + r - n - 3 = 0. Calculate o(v).
1
Let u(v) = -11*v + 13. Let j(x) = -5*x + 6. Let n(g) = -13*j(g) + 6*u(g). Let y(s) = s + 1. Let a be y(-1). Suppose r + a*r = -2. Give n(r).
2
Let j(c) = -c**3 + 5*c**2 + 7*c. Let w = 11 - 5. Determine j(w).
6
Let j(u) = -u**2 - 15*u - 6. Let r be j(-14). Let m(g) = g**3 + r*g**2 + 5 - 3 + 1 + 8*g. Give m(-7).
-4
Let q(s) = s**2 - 3*s - 1. Let t(o) = -4*o**3 - 2*o**2. Let d be t(-2). Suppose -5*n = 9 - d. What is q(n)?
-1
Let l(d) = d**2 + 5*d + 1. Let r = -64 - -58. Calculate l(r).
7
Let j(x) = 0*x**2 - x**2 + 1 + 3*x**2 - x. Calculate j(1).
2
Let x(r) = r**3 + 5*r**2 + 11*r + 7. Suppose 0*a - a = -6. Let u(h) = 2*h**3 + 10*h**2 + 21*h + 13. Let q(m) = a*u(m) - 11*x(m). Calculate q(-4).
-3
Let i(w) be the third derivative of -w**2 - 1/12*w**4 - 1/60*w**5 - 1/6*w**3 - 1/120*w**6 + 0 + 0*w. Let g(r) = r - 7. Let y be g(5). Give i(y).
7
Let w(x) = x**3 + 5*x**2 + 4*x - 1. Suppose 0 = -3*z + 2*z - 5*s - 4, -3*z + 4*s + 26 = 0. Let p be -1*1 - (0 + 5). Let j be (-14)/z + p/9. Calculate w(j).
5
Let i(y) = -y**2 + 4*y + 2. Let o be i(4). Let b(c) = 6*c - o*c**3 + 0*c**3 + 3*c**2 + c**3 - 2*c - 6. Give b(4).
-6
Suppose 2*j = 4*j - 2. Let u(z) = -5*z - 1. Determine u(j).
-6
Suppose -a + 1 = -3. Suppose 0 = -c - a + 2. Let u(o) = -17*o. Let m(l) = -4*l. Let b(d) = 9*m(d) - 2*u(d). Determine b(c).
4
Let z = 11 + -12. Let m be 1*(3 + (z - 1)). Let c(f) = f**3 - f**2 + f. Calculate c(m).
1
Let n(g) = g. Let x(m) = -m**2 + 5*m. Let v(b) = 2*n(b) - x(b). Give v(6).
18
Let n(b) = -2*b**2 - 7*b + 2. Let i be n(-4). Let s(p) be the third derivative of -p**6/120 - p**5/60 + p**4/8 + p**3/2 + p**2. Calculate s(i).
1
Let z(l) be the second derivative of -7*l**3/6 - l**2/2 + 12*l. Let h = 2 + -3. Give z(h).
6
Let f(z) = -z**3 + 5*z**2 + 8*z - 3. Suppose 0 = 19*k - 12*k - 42. Give f(k).
9
Let y(t) = t + 4. Suppose -5*p = -5*w, 0 = -w + 4*w - 4*p. Give y(w).
4
Let x(m) = m**3 - 2*m - 5. Let b(p) = -3 + 8 - 4. Let a(o) = 3*b(o) + x(o). Let s be 16/(-7) + 2/7. Calculate a(s).
-6
Suppose -26 = -19*c + 69. Let o(f) be the third derivative of -7/60*f**c + 0*f - 1/120*f**6 + 0*f**3 + 0 + f**2 - 1/4*f**4. Determine o(-6).
0
Let n be (-5)/10 - 4/8. Let o(v) = 2*v**2 + v + 1. Give o(n).
2
Suppose -d = d + 2*g + 30, -2*d - 3*g - 25 = 0. Let n be (d/25)/((-4)/10). Let t(a) = 4*a + 2. What is t(n)?
10
Let b(c) = 3*c - 1. Let a be b(1). Let r(j) = -j + 5. Let v be r(a). Let y(n) = -n**2 + 3*n - 4. Give y(v).
-4
Let m be (-2*24/20)/(6/(-15)). Let h(w) = w**2 - 5 - 1 - 7*w + 3*w. What is h(m)?
6
Let w(f) be the third derivative of f**5/60 + 5*f**4/24 - f**3/6 + 6*f**2. What is w(-4)?
-5
Let j(k) = -k - 7. Let q(x) = -x - 1. Let c(l) = -j(l) + 4*q(l). Let n = -2 - -4. Let b be c(n). Let i(g) = g + 3. What is i(b)?
0
Let n = 7 + -6. Let d(g) = 4 + n + 6*g**2 + g**3 - 7*g + 3. Give d(-7).
8
Let d(p) = 10*p**2 + 5*p**2 - 32*p**2 + 14*p**2 - p + 1. What is d(1)?
-3
Let r(w) = 1 + 3*w + 6*w**2 + w**3 + w - 4. Let b be r(-5). Suppose -k - b*k = 15. Let i(n) = -n**2 - 4*n - 1. What is i(k)?
-6
Let z(t) = 11*t - 1. Suppose k + 4 = 2*x, -x = -k - 2 - 0. Let l = 1 - k. Determine z(l).
10
Let m(a) = -4*a + 9. Let h(o) = -3*o + 8. Let t(y) = 6*h(y) - 5*m(y). Determine t(-2).
-1
Let a(y) be the first derivative of -3/2*y**2 - 3 + 1/3*y**3 - 6*y. What is a(5)?
4
Let m(p) = 5*p - 4. Let g(k) = k - 54 + 54. Let o(u) = -u - 1. Let s be o(0). Let r(t) = s*m(t) + 6*g(t). Determine r(-4).
0
Suppose -j = 3*j - 20. Suppose 2*u + 6 = u + j*z, -z - 1 = 2*u. Let a(d) = -2*d**2 + 1. Determine a(u).
-1
Let k(g) = 2 + 5*g - g - 1 - 5*g**2 + g**3 - 2. What is k(4)?
-1
Let w(f) = -f + 2. Let t be w(2). Let c(y) = -y**2 + 4*y. Let b be c(3). Let j(a) = -2 + a**2 - 3*a**3 + 5*a**b - 5*a + 6*a - a**3. Give j(t).
-2
Let t(j) be the second derivative of j**4/6 + j**3/6 + j**2/2 - 4*j. Give t(-2).
7
Let d(w) = w. Suppose 0 = -3*j - 3*x + 3, -2*j + 0*x = -x - 17. Determine d(j).
6
Let h = -16 + 10. Let u be 4/h*(-6)/4. Let d(g) be the second derivative of -g**5/10 - g**4/6 + g**3/6 - 9*g. Calculate d(u).
-3
Let t(w) = w**3 + 15*w**2 + 15*w + 17. Let c be t(-14). Let s(m) = 4 - m - 6 - c - 3. Calculate s(-6).
-2
Let c(m) = -m**3 - 7*m**2 - 4*m + 7. Let f = 8 - 3. Let d = f + -11. What is c(d)?
-5
Let i = 9 - 6. Let o be 6 - (i - (3 - 2)). Let x(a) be the third derivative of a**4/12 + 2*a**3/3 - a**2. Determine x(o).
12
Let f = -5 + 0. Let t(o) = -12*o + 21. Let d(r) = -5*r + 10. Let q(j) = 7*d(j) - 3*t(j). Give q(f).
2
Let s(l) be the first derivative of 2*l**2 - 10. Determine s(-5).
-20
Let p = 25 + -18. Let t be (-2)/7 - (-9)/p. Let i(q) = -9*q**3 + q**2 - q + 1. Determine i(t).
-8
Let x(m) = -m**2 + 8*m - 4. Let d(y) = -y**2 + 8*y - 5. Let i(p) = 3*d(p) - 2*x(p). What is i(7)?
0
Let h(o) = o**3 - o**2 + o + 1. Let u be 18/8 - (-6)/(-24). Calculate h(u).
7
Suppose -4*u = -4, -g - u = 2*u - 7. Suppose -6 = -2*i + 2*o - o, -2*i = -2*o - 10. Let k(f) = -3*f**2 - 3 + f**3 - 3*f - 2 + i. What is k(g)?
0
Suppose -3*l + 3*s = -3, 16 = -5*l - 0*s - 2*s. Let z(u) be the first derivative of 3*u**2/2 + 3*u + 23. What is z(l)?
-3
Let r(i) be the first derivative of -i**3/3 + 4*i**2 + i - 1. Suppose 2*h - 9 = z + 4, 0 = z + 1. Give r(h).
13
Let g(w) be the first derivative of -w**4/4 - 7*w**3/3 - 7*w**2/2 - 5*w - 1. Let k = 90 + -96. Calculate g(k).
1
L